{"id":39,"date":"2013-07-24T12:04:19","date_gmt":"2013-07-24T10:04:19","guid":{"rendered":"https:\/\/kampe-coaching.de\/?page_id=39"},"modified":"2018-03-12T11:38:29","modified_gmt":"2018-03-12T09:38:29","slug":"meine-person","status":"publish","type":"page","link":"https:\/\/kampe-coaching.de\/index.php\/meine-person\/","title":{"rendered":"Zu meiner Person"},"content":{"rendered":"<p><img decoding=\"async\" class=\"size-full wp-image-719 alignright\" src=\"https:\/\/kampe-coaching.de\/wp-content\/uploads\/Kampe-coachingPortrait-269x400.jpg\" alt=\"Manuela Kampe, Kampe Coaching\" width=\"200\" srcset=\"https:\/\/kampe-coaching.de\/wp-content\/uploads\/Kampe-coachingPortrait-269x400.jpg 269w, https:\/\/kampe-coaching.de\/wp-content\/uploads\/Kampe-coachingPortrait-269x400-134x200.jpg 134w\" sizes=\"(max-width: 269px) 100vw, 269px\" \/>Von Anfang an war es mir in meiner beruflichen Laufbahn wichtig, Menschen in Ver\u00e4nderungs- und Belastungssituationen zu unterst\u00fctzen und zu beraten.<\/p>\n<p>Mit fachlicher Kompetenz, Lebenserfahrung und Humor begleite ich Sie auf der Suche nach L\u00f6sungen, Bewegung und Ver\u00e4nderung. Gesundheit und Wohlbefinden liegen mir sehr am Herzen.<\/p>\n<p>Meine Arbeit ist gepr\u00e4gt von Wertsch\u00e4tzung\u00a0meiner Klientinnen und Klienten und ihrer Probleme sowie einer Zielorientierung im Coaching-Prozess.<\/p>\n<p>Diskretion ist dabei selbstverst\u00e4ndlich.<\/p>\n<p>&nbsp;<\/p>\n<p><b>Mein beruflicher Werdegang:<\/b><\/p>\n<ul>\n<li>Ausbildung und Arbeit als Kinderkrankenschwester<\/li>\n<li>Studium der Psychologie und \u00fcber 20-j\u00e4hrige Berufserfahrung als Psychologin\u00a0\u00a0in unterschiedlichen Beratungsstellen und Einrichtungen (u.a. Fr\u00fchf\u00f6rderung)<\/li>\n<li>Bremer Ausbildung in Autismustherapie und langj\u00e4hrige Arbeit \/ Leitung im Autismustherapiezentrum Freiburg<\/li>\n<li>Ausbildung Qi Gong und meditative K\u00f6rperarbeit u.a. bei Linda Lehrhaupt und Petra Hinterth\u00fcr (DDQT), jahrelange Arbeit als Kursleiterin f\u00fcr Qi Gong \u00a0(Mitglied in der Medizinischen Gesellschaft f\u00fcr Qi Gong Yangsheng)<\/li>\n<li>Weiterbildungen in Gespr\u00e4chs- und systemischer Familientherapie<\/li>\n<li>Aufbau und Leitung des Heilp\u00e4dagogischen Fachdienstes f\u00fcr Kindertagest\u00e4tten Karlsruhe<\/li>\n<li>Konzeption und Leitung zahlreicher Fortbildungen, u.a.\u00a0Betriebliche Gesundheitsf\u00f6rderung<\/li>\n<li>Ausbildung zum systemischen Coach (Sieger Consulting Darmstadt), vielf\u00e4ltige Erfahrungen im Team- und Einzelcoaching<\/li>\n<li>MBSR Lehrerin\u00a0 (Ausbildung am Institut f\u00fcr Achtsamkeit)<\/li>\n<li>Mitglied im mbsr-mbct Verband<\/li>\n<\/ul>\n<p>&nbsp;<\/p>\n","protected":false},"excerpt":{"rendered":"<p>Von Anfang an war es mir in meiner beruflichen Laufbahn wichtig, Menschen in Ver\u00e4nderungs- und Belastungssituationen zu unterst\u00fctzen und zu beraten. Mit fachlicher Kompetenz, Lebenserfahrung und Humor begleite ich Sie auf der Suche nach L\u00f6sungen, Bewegung und Ver\u00e4nderung. Gesundheit und Wohlbefinden liegen mir sehr am Herzen. Meine Arbeit ist gepr\u00e4gt von Wertsch\u00e4tzung\u00a0meiner Klientinnen und Klienten [&hellip;]<\/p>\n","protected":false},"author":1,"featured_media":0,"parent":0,"menu_order":4,"comment_status":"closed","ping_status":"closed","template":"","meta":{"footnotes":""},"class_list":["post-39","page","type-page","status-publish","hentry"],"_links":{"self":[{"href":"https:\/\/kampe-coaching.de\/index.php\/wp-json\/wp\/v2\/pages\/39","targetHints":{"allow":["GET"]}}],"collection":[{"href":"https:\/\/kampe-coaching.de\/index.php\/wp-json\/wp\/v2\/pages"}],"about":[{"href":"https:\/\/kampe-coaching.de\/index.php\/wp-json\/wp\/v2\/types\/page"}],"author":[{"embeddable":true,"href":"https:\/\/kampe-coaching.de\/index.php\/wp-json\/wp\/v2\/users\/1"}],"replies":[{"embeddable":true,"href":"https:\/\/kampe-coaching.de\/index.php\/wp-json\/wp\/v2\/comments?post=39"}],"version-history":[{"count":54,"href":"https:\/\/kampe-coaching.de\/index.php\/wp-json\/wp\/v2\/pages\/39\/revisions"}],"predecessor-version":[{"id":995,"href":"https:\/\/kampe-coaching.de\/index.php\/wp-json\/wp\/v2\/pages\/39\/revisions\/995"}],"wp:attachment":[{"href":"https:\/\/kampe-coaching.de\/index.php\/wp-json\/wp\/v2\/media?parent=39"}],"curies":[{"name":"wp","href":"https:\/\/api.w.org\/{rel}","templated":true}]}}