{"id":184,"date":"2013-07-31T13:06:25","date_gmt":"2013-07-31T11:06:25","guid":{"rendered":"https:\/\/kampe-coaching.de\/?page_id=184"},"modified":"2025-12-10T21:04:37","modified_gmt":"2025-12-10T19:04:37","slug":"einzelcoaching","status":"publish","type":"page","link":"https:\/\/kampe-coaching.de\/index.php\/autismus\/einzelcoaching\/","title":{"rendered":"Coaching f\u00fcr Menschen mit Asperger-Syndrom \/ Angeh\u00f6rige"},"content":{"rendered":"<p>Wenn Sie selbst vom Asperger- Syndrom betroffen sind,\u00a0begleite ich Sie im Einzel-Coaching bei Problemen in der Partnerschaft bzw. im weiteren sozialen Umfeld wie auch bei Problemen am Arbeitsplatz.<\/p>\n<p>Gerne unterst\u00fctze ich Sie,\u00a0Handlungsm\u00f6glichkeiten in schwierigen Situationen zu\u00a0entwickeln und Bew\u00e4ltigungsstrategien zu finden. Wie k\u00f6nnen Sie Ihre speziellen F\u00e4higkeiten nutzen? Welche Unterst\u00fctzung ben\u00f6tigen sie in der Arbeitswelt, um Ihre Leistung einbringen zu k\u00f6nnen?<\/p>\n<p>M\u00f6gliche Themen f\u00fcr eine Beratung sind:<\/p>\n<ul>\n<li>Strukturierung des Alltages<\/li>\n<li>Ver\u00e4nderte Arbeitsabl\u00e4ufe<\/li>\n<li>Bew\u00e4ltigung von neuen Aufgaben<\/li>\n<li>ein neues Team<\/li>\n<\/ul>\n<p>Als Job-Coach suche ich mit Ihnen nach L\u00f6sungen f\u00fcr Ihre Probleme und helfe Ihnen, Ihr Potential zu entfalten.<\/p>\n<p>Eine Kosten\u00fcbernahme\u00a0wird im Einzelfall gekl\u00e4rt.<\/p>\n<p>Mit <strong>Angeh\u00f6rigen<\/strong> erarbeite ich\u00a0unterst\u00fctzende Strategien f\u00fcr den Umgang mit autistischen Besonderheiten in der praktischen Lebensbew\u00e4ltigung. Wir suchen im Coaching auch nach M\u00f6glichkeiten, wie Sie sich trotz gro\u00dfer Verantwortung entlasten und wieder mehr Lebensqualit\u00e4t gewinnen k\u00f6nnen.<\/p>\n<p>Auch <strong>Arbeitgeber<\/strong>\u00a0oder <strong>Kollegen<\/strong> berate ich\u00a0gerne bei Fragen\u00a0und Unsicherheiten mit autistischen Verhaltensweisen. (<a title=\"Fortbildungen\" href=\"https:\/\/kampe-coaching.de\/index.php\/autismus\/fortbildungen\/\">Fortbildungen)<\/a><\/p>\n","protected":false},"excerpt":{"rendered":"<p>Wenn Sie selbst vom Asperger- Syndrom betroffen sind,\u00a0begleite ich Sie im Einzel-Coaching bei Problemen in der Partnerschaft bzw. im weiteren sozialen Umfeld wie auch bei Problemen am Arbeitsplatz. Gerne unterst\u00fctze ich Sie,\u00a0Handlungsm\u00f6glichkeiten in schwierigen Situationen zu\u00a0entwickeln und Bew\u00e4ltigungsstrategien zu finden. Wie k\u00f6nnen Sie Ihre speziellen F\u00e4higkeiten nutzen? Welche Unterst\u00fctzung ben\u00f6tigen sie in der Arbeitswelt, um [&hellip;]<\/p>\n","protected":false},"author":2,"featured_media":0,"parent":175,"menu_order":1,"comment_status":"closed","ping_status":"closed","template":"","meta":{"footnotes":""},"class_list":["post-184","page","type-page","status-publish","hentry"],"_links":{"self":[{"href":"https:\/\/kampe-coaching.de\/index.php\/wp-json\/wp\/v2\/pages\/184","targetHints":{"allow":["GET"]}}],"collection":[{"href":"https:\/\/kampe-coaching.de\/index.php\/wp-json\/wp\/v2\/pages"}],"about":[{"href":"https:\/\/kampe-coaching.de\/index.php\/wp-json\/wp\/v2\/types\/page"}],"author":[{"embeddable":true,"href":"https:\/\/kampe-coaching.de\/index.php\/wp-json\/wp\/v2\/users\/2"}],"replies":[{"embeddable":true,"href":"https:\/\/kampe-coaching.de\/index.php\/wp-json\/wp\/v2\/comments?post=184"}],"version-history":[{"count":31,"href":"https:\/\/kampe-coaching.de\/index.php\/wp-json\/wp\/v2\/pages\/184\/revisions"}],"predecessor-version":[{"id":1077,"href":"https:\/\/kampe-coaching.de\/index.php\/wp-json\/wp\/v2\/pages\/184\/revisions\/1077"}],"up":[{"embeddable":true,"href":"https:\/\/kampe-coaching.de\/index.php\/wp-json\/wp\/v2\/pages\/175"}],"wp:attachment":[{"href":"https:\/\/kampe-coaching.de\/index.php\/wp-json\/wp\/v2\/media?parent=184"}],"curies":[{"name":"wp","href":"https:\/\/api.w.org\/{rel}","templated":true}]}}