{"id":179,"date":"2013-07-31T13:01:49","date_gmt":"2013-07-31T11:01:49","guid":{"rendered":"https:\/\/kampe-coaching.de\/?page_id=179"},"modified":"2017-02-14T10:28:18","modified_gmt":"2017-02-14T08:28:18","slug":"fortbildungen","status":"publish","type":"page","link":"https:\/\/kampe-coaching.de\/index.php\/autismus\/fortbildungen\/","title":{"rendered":"Fortbildungen"},"content":{"rendered":"<p><strong>Autismus<\/strong> ist eine tiefgreifende Entwicklungsst\u00f6rung, eine komplexe St\u00f6rung des zentralen Nervensystems, insbesondere der Wahrnehmungsverarbeitung. Erst im Laufe der ersten Lebensjahre werden Auff\u00e4lligkeiten im Verhalten und in der Entwicklung des Kindes sichtbar.<\/p>\n<p><strong>Zu den Kernsymptomen geh\u00f6ren ( ICD-10)<\/strong><\/p>\n<ol>\n<li>Beeintr\u00e4chtigung in der sozialen Interaktion<\/li>\n<li>Beeintr\u00e4chtigung in der Kommunikation \/Sprache<\/li>\n<li>Auff\u00e4lligkeiten im Verhalten\/\u00a0Aktivit\u00e4ten und\u00a0Interessen<\/li>\n<\/ol>\n<p>Menschen mit einem <strong>Asperger- Syndrom<\/strong> verf\u00fcgen h\u00e4ufig \u00fcber\u00a0besondere F\u00e4higkeiten wie z.B. eine St\u00e4rke im logischen Denken und Ged\u00e4chtnis, Genauigkeit, absolute Ehrlichkeit und\u00a0einen ausgepr\u00e4gten Sinn f\u00fcr Gerechtigkeit. Diese Ressourcen k\u00f6nnen im beruflichen und sozialen Umfeld genutzt werden. Probleme entstehen im Sozialkontakt, sozial-emotionalen Anforderungen\u00a0und in\u00a0der praktischen Lebensbew\u00e4ltigung.<\/p>\n<p>In vielen Berufen\u00a0begegnen uns Menschen mit autistischer Behinderung. In einem <strong>Einzelcoaching oder Teamcoaching<\/strong>\u00a0kann ich Sie in Ihrem professionellen Umgang damit unterst\u00fctzen, indem wir gemeinsam schwierige Situationen analysieren sowie unterst\u00fctzende Strategien\u00a0entwickeln.<\/p>\n<p>Folgende <strong>Fortbildungen<\/strong> richten sich an Einrichtungen, die mit Menschen mit autistischer Behinderung zu tun haben bzw. Unternehmen, in denen Autisten arbeiten:<\/p>\n<ul>\n<li>Autismus im Kindergarten<\/li>\n<li>Kinder mit Autismus-Spektrum- St\u00f6rungen in der Schule<\/li>\n<li>Autismus im Erwachsenenalter<\/li>\n<li>Autismus im Berufsleben mit Schwerpunkt Asperger-Syndrom<\/li>\n<\/ul>\n<p>In diesen Fortbildungen werden grundlegende\u00a0Kenntnisse \u00fcber\u00a0 Autismus- Spektrum- St\u00f6rungen (Fr\u00fchkindlicher Autismus, Asperger\u2013Syndrom,\u00a0High-functioning etc.) vermittelt:<\/p>\n<ul>\n<li>Was ist Autismus?<\/li>\n<li>Wie erkenne ich autistische Verhaltensweisen?\u00a0\u00a0Welche\u00a0Besonderheiten\u00a0sind in der Wahrnehmung\u00a0typisch?<\/li>\n<li>Welche Probleme k\u00f6nnen in Kindergarten, Schule, Heim oder am Arbeitsplatz auftreten?<\/li>\n<li>Welche Besonderheiten gibt es\u00a0im Denken, Lernen und Verstehen bei Menschen\u00a0mit Autismus ?<\/li>\n<li>Welche soziale Kompetenzen werden\u00a0im Arbeitsleben gefordert und welche Kompetenzen\u00a0bringen Menschen mit Autismus mit?<\/li>\n<li>Welcher Umgang mit autistischen Verhaltensweisen ist\u00a0unterst\u00fctzend und f\u00f6rderlich?<\/li>\n<li>Diagnostik und therapeutische M\u00f6glichkeiten (z.B. TEACCH, PECS, Affolter )<\/li>\n<\/ul>\n<p><strong>Die Fortbildung kann auf Anfrage gerne passend f\u00fcr Ihre Einrichtung bzw. Ihr Unternehmen abgestimmt werden.<\/strong><\/p>\n<p>Dauer: nach Absprache<\/p>\n","protected":false},"excerpt":{"rendered":"<p>Autismus ist eine tiefgreifende Entwicklungsst\u00f6rung, eine komplexe St\u00f6rung des zentralen Nervensystems, insbesondere der Wahrnehmungsverarbeitung. Erst im Laufe der ersten Lebensjahre werden Auff\u00e4lligkeiten im Verhalten und in der Entwicklung des Kindes sichtbar. Zu den Kernsymptomen geh\u00f6ren ( ICD-10) Beeintr\u00e4chtigung in der sozialen Interaktion Beeintr\u00e4chtigung in der Kommunikation \/Sprache Auff\u00e4lligkeiten im Verhalten\/\u00a0Aktivit\u00e4ten und\u00a0Interessen Menschen mit einem Asperger- [&hellip;]<\/p>\n","protected":false},"author":2,"featured_media":0,"parent":175,"menu_order":2,"comment_status":"closed","ping_status":"closed","template":"","meta":{"footnotes":""},"class_list":["post-179","page","type-page","status-publish","hentry"],"_links":{"self":[{"href":"https:\/\/kampe-coaching.de\/index.php\/wp-json\/wp\/v2\/pages\/179","targetHints":{"allow":["GET"]}}],"collection":[{"href":"https:\/\/kampe-coaching.de\/index.php\/wp-json\/wp\/v2\/pages"}],"about":[{"href":"https:\/\/kampe-coaching.de\/index.php\/wp-json\/wp\/v2\/types\/page"}],"author":[{"embeddable":true,"href":"https:\/\/kampe-coaching.de\/index.php\/wp-json\/wp\/v2\/users\/2"}],"replies":[{"embeddable":true,"href":"https:\/\/kampe-coaching.de\/index.php\/wp-json\/wp\/v2\/comments?post=179"}],"version-history":[{"count":24,"href":"https:\/\/kampe-coaching.de\/index.php\/wp-json\/wp\/v2\/pages\/179\/revisions"}],"predecessor-version":[{"id":978,"href":"https:\/\/kampe-coaching.de\/index.php\/wp-json\/wp\/v2\/pages\/179\/revisions\/978"}],"up":[{"embeddable":true,"href":"https:\/\/kampe-coaching.de\/index.php\/wp-json\/wp\/v2\/pages\/175"}],"wp:attachment":[{"href":"https:\/\/kampe-coaching.de\/index.php\/wp-json\/wp\/v2\/media?parent=179"}],"curies":[{"name":"wp","href":"https:\/\/api.w.org\/{rel}","templated":true}]}}